pose -c - 388 = -2*i. What are the prime factors of i?
2, 191
Let q be (-3)/(-4)*(21 - -1031). Suppose -3*g + q = g + 3*o, -3*o + 204 = g. Let d = g + -63. List the prime factors of d.
2, 3, 11
Let n(l) = l + 1. Let j(x) = 8*x**2 + 16*x + 18. Let a(o) = j(o) - 5*n(o). Let z be a(-6). Suppose z = -6*h + 841. List the prime factors of h.
101
Let r be 3/((-18)/(-238))*(-1 + 4). Let o = r - -22. Suppose 3*f - 405 = -o. List the prime factors of f.
2, 11
Let b be 302 + 20/(-4) + (-2 - 1). Let a = -170 + b. Let x = a - 82. List the prime factors of x.
2, 3, 7
Let c = 158 - -840. Suppose -1997 = -4*j - 3*h, -8*j = -6*j + 2*h - c. What are the prime factors of j?
2, 5
Let x(c) = -c - 23. Let z be x(-28). Suppose -z*v + 3*v + 2*s = -372, -3*v = s - 558. What are the prime factors of v?
2, 3, 31
Let p(g) = 52*g + 6. Suppose -8*z = -7*z - 4. Suppose -z*h - 2*i + 15 - 1 = 0, 2*i = -h + 8. List the prime factors of p(h).
2, 5, 11
Suppose 4*j + 73 = 5*i, -2*i + 0*i + 2*j = -30. Let w(k) = -k**3 + 13*k**2 - k + 18. Let z be w(i). List the prime factors of (1/3)/(z/555).
37
Let u = 8238 + -3498. List the prime factors of u.
2, 3, 5, 79
Suppose -29*a = -26*a + 570. Let p = a + 565. Suppose 2*f - p = -3*f. List the prime factors of f.
3, 5
Let m(q) = 22*q - 169. Let w(x) = 42*x - 336. Let d(f) = 5*m(f) - 3*w(f). What are the prime factors of d(-3)?
211
Let t be (6 + -16)/(-1*2). Suppose -6*x - a + 2 = -x, -t*x - 2 = -a. Suppose 5*v + 5*w - 135 = x, 4*v - 3*w - 102 = -w. List the prime factors of v.
2, 13
Let f(u) = -u**3 + u**2 + 1. Let c be f(0). Suppose l + c = -8. List the prime factors of 6/l - (-1130)/30.
37
Suppose -x - 58 = -2*p + 3*x, p + x = 32. Suppose -13644 = -p*h + 6010. What are the prime factors of h?
2, 317
Let z be 4 + 10/6*-3. Let h be ((-1)/z)/(-4 - -5). What are the prime factors of (-24 + h + -1)*-4?
2, 3
Let m = 4 + 1. Suppose m*u - 5*r = -0*r, 4*u = 3*r + 2. Suppose 0*f + f = -u*v + 209, -3*f - v = -627. List the prime factors of f.
11, 19
Let h be (-7)/(-49) - 20576/(-28). Let q = h - 322. List the prime factors of q.
7, 59
Suppose -298*n = -258*n - 17080. What are the prime factors of n?
7, 61
Suppose -i + 9054 = -2*f, -i + 100*f + 9048 = 95*f. What are the prime factors of i?
2, 7, 647
Suppose 0 = 223*j + 897698 - 8590306. What are the prime factors of j?
2, 7, 11
Let x(z) = 6*z**3 - 496*z**2 + 21*z - 87. What are the prime factors of x(83)?
2, 7717
Let v be ((-1779)/(-3))/((-8)/(-40)). Let d = -2099 + v. List the prime factors of d.
2, 433
What are the prime factors of (207/(-115))/(6/(-14590))?
3, 1459
What are the prime factors of (5/(-10))/(1/10) - -4033?
2, 19, 53
Let t(h) be the second derivative of h**4/3 - 2*h**2 + 2*h. Let x be t(2). List the prime factors of (-264)/(-9)*x/4.
2, 11
Let h = 246 - 156. Let q be 633/30 - (-3)/(-30). Suppose h = 3*p - q. What are the prime factors of p?
37
Let r be 4 - (-3 - -4)/1. Suppose -3*o + r*c + 21 = 0, -4*c = 4*o + 3 - 31. List the prime factors of o.
7
Let b be 4/14 + 38/14. Suppose 7*m - 488 = 2*m - 3*l, 0 = 7*m - l - 652. Suppose 2*p - n = 58 - 21, -5*p + b*n + m = 0. List the prime factors of p.
17
Suppose 3*i + y - 78 = 2*i, 2*i - y - 159 = 0. Let a(o) = o**3 + 9*o**2 - 9*o + 10. Let k be a(-10). Suppose k = r - i - 88. List the prime factors of r.
167
Let d(l) = -l**3 - 133*l**2 + 117*l + 173. List the prime factors of d(-137).
2, 3, 5, 7, 47
Suppose -358 = -7*w - 330. Suppose -w*h + 3724 = -4*l, 2*h - l - 672 - 1187 = 0. What are the prime factors of h?
2, 29
Let b(i) = 16*i**3 - 232*i**2 + 5*i - 78. What are the prime factors of b(15)?
3, 599
Let u be (-60)/(-3) - (0 - 5). Let o(f) = f**3 - 24*f**2 - 21*f + 1. List the prime factors of o(u).
101
Suppose -5*d - 10*d + 21*d - 90258 = 0. List the prime factors of d.
7, 307
Let c be (-160)/(-8)*(-3)/(-12). Suppose -2*g + 22 = -b, -3*g + 19 + 14 = -c*b. List the prime factors of (g/3)/(2/78).
11, 13
Suppose -2*a + 1939 = a - r, a + 2*r - 644 = 0. Suppose 3*z + 178 = a. List the prime factors of z.
2, 3, 13
Let y be 118/((24/(-14))/(-6)). Let f = 816 - y. What are the prime factors of f?
13, 31
Let q = 43737 + -23119. List the prime factors of q.
2, 13, 61
Let z(q) = 7*q**2 - 15*q + 53. Let g(n) = n**2 - 10*n - 19. Let m be g(12). Suppose -d + 8 = m*v - 18, -2*d + 2 = 0. List the prime factors of z(v).
3, 17
Suppose n + 5*b = 6752, n - b + 1727 = 8509. List the prime factors of n.
3, 251
Let x be (-8 - -11) + -2*(-1 - -14). Let c = x + 83. List the prime factors of c.
2, 3, 5
Suppose 15 = -5*k, 13*u - 10*u = 4*k + 45945. List the prime factors of u.
61, 251
Suppose 9*b - 5*x - 526061 = 0, -4*x = -3*b + 74458 + 100884. List the prime factors of b.
2, 11, 2657
Suppose -4 = 4*c - 48. Suppose c - 66 = -5*w. Suppose -5*t + 4 + w = 0, -2*k + 5*t = -33. What are the prime factors of k?
2, 3
Let m = -224 - -226. Suppose 0 = m*h - 10, 0*u - 3412 = -4*u + 4*h. What are the prime factors of u?
2, 3, 11, 13
Suppose 4*a + 1380 = -2*w, 4*w + w - 345 = a. What are the prime factors of (17 + a)*(-1)/4?
2, 41
Let v(p) = 23*p**2 - 5*p + 54. List the prime factors of v(-9).
2, 3, 109
Suppose -3*w = 117*w - 1499664 - 853176. What are the prime factors of w?
7, 2801
Let k = 39 - 36. Let l = k - -107. Suppose i + 33 = l. What are the prime factors of i?
7, 11
Let c(a) = 19 - 39 - 7 - 40*a - 39 - 4. List the prime factors of c(-19).
2, 3, 5, 23
Let a(u) = 158*u + 502. What are the prime factors of a(6)?
2, 5, 29
Suppose 0 = 2*b + 2, 34977 = -0*t + 5*t - 2*b. What are the prime factors of t?
5, 1399
Let k(x) = 2*x**2 + 12*x - 814. Let y be k(-26). Let j be -2 + 2/2 + 393. Let h = j - y. List the prime factors of h.
2, 83
Let n = -101472 + 161044. What are the prime factors of n?
2, 53, 281
Let b(m) be the third derivative of m**6/120 + 11*m**5/15 + 59*m**4/24 - 8*m**3/3 - 97*m**2 - 1. What are the prime factors of b(-42)?
2, 11, 47
Suppose -d - 5*y = -23, 0 = 4*d - 3*d - 5*y - 73. Suppose 4*k - a = d, 3*k - 21 = -a - 2*a. Let j = 2 + k. What are the prime factors of j?
13
Suppose 0 = 2*j - 3*z - 14771, -z + 10650 = j + 3282. List the prime factors of j.
5, 59
Let b = 2381 + -222. List the prime factors of b.
17, 127
List the prime factors of 15/(-1)*-1 - -27491.
2, 17, 809
Let c = 2770 - 1859. Suppose -4*d = 195 - c. Suppose -3*b + d = -163. What are the prime factors of b?
2, 3, 19
Let a(z) = -5*z - 10. Let c be a(-2). Suppose b + 2*x - 198 - 579 = c, 5*b + 4*x - 3897 = 0. What are the prime factors of b?
11, 71
Let r = 8074 - -4999. List the prime factors of r.
17, 769
Let c be 20/25 - (-29384)/20. Suppose 162*s - 159*s = c. List the prime factors of s.
2, 5, 7
Let q = 21560 + -12415. List the prime factors of q.
5, 31, 59
Suppose 0 = -3*v + 4*w + 163828, v - 33887 = -5*w + 20735. List the prime factors of v.
2, 3, 37, 41
Suppose -3*l + 61*n = 65*n + 3, 4*l + n = -17. What are the prime factors of ((-20)/(-12))/l*-4623?
23, 67
List the prime factors of 22612 - 22/((-440)/(-340)).
5, 4519
Let h(m) be the third derivative of -m**4/24 + 5*m**3/6 - m**2. Let r be h(3). Suppose -r*c = -13*c + 792. What are the prime factors of c?
2, 3
What are the prime factors of (301/(-21) - -14)*-23811?
7937
Suppose -g - 10 = -k, 0 = -5*k + 2*g - 4*g + 36. Suppose -88 = k*u - 0*u. Let y = 34 + u. List the prime factors of y.
23
Let h be (-3 - 0)*(-4044)/36. Suppose -7*g + 3660 + h = 0. What are the prime factors of g?
571
Let s be (48/(-32))/(6/(-35248)). List the prime factors of (-4)/140*-20 - s/(-14).
2, 3, 5, 7
Suppose -3*d = -3*b + 6, d = -d - 2*b - 12. Let h(q) = -19 + 9 - 32*q - 6 + 2. List the prime factors of h(d).
2, 3, 19
Let r be 116/(-24)*-2 + (-1)/(-3). Let u be r/(-20) - (-18)/4. Suppose 633 = -u*d + 7*d. List the prime factors of d.
211
Let n be 1/(1*(3 - 4)). What are the prime factors of (n - 2)*5620/(-60)?
281
Let u(q) = 4*q**2 - 66*q - 67. Let h be u(-1). Suppose -1898 = -4*m - 2*o, 5*m - 563 - 1782 = h*o. List the prime factors of m.
2, 59
Suppose 2539*u - 57865 = 2534*u. What are the prime factors of u?
71, 163
Let y(w) = 13*w**2 + 5*w - 10. Let d be ((-4)/6)/(20/(-90))*1. What are the prime factors of y(d)?
2, 61
Suppose -4*o + 6 = 3*x - 18, -4 = x. Suppose 5*p = -o + 24. Suppose -p*f = 75 - 198. List the prime factors of f.
41
Let m = 84110 - 56056.